 of 2140380922?
False
Does 315 divide 108409996?
False
Is 231880439 a multiple of 1283?
True
Is 592 a factor of 74514448?
True
Is 58608880 a multiple of 5?
True
Is 401 a factor of 574715995?
False
Does 37 divide 703?
True
Is 28 a factor of 874748?
True
Does 6 divide 50291676?
True
Does 1500 divide 272014500?
True
Is 978 a factor of 58391490?
True
Does 337 divide 33351205?
True
Is 103689502 a multiple of 285?
False
Does 1149 divide 58041735?
True
Is 488 a factor of 1764757994?
False
Is 818110455 a multiple of 5?
True
Is 56016912 a multiple of 112?
True
Is 10 a factor of 1093252030?
True
Is 34019391 a multiple of 15?
False
Is 22 a factor of 32491053?
False
Is 180797442 a multiple of 4517?
True
Is 223 a factor of 3093492132?
False
Does 1373 divide 541745983?
True
Does 280 divide 537497520?
True
Is 448 a factor of 3834877?
False
Does 1655 divide 49221355?
True
Is 418337342 a multiple of 238?
False
Is 360383586 a multiple of 2883?
False
Does 10 divide 884468296?
False
Is 82365760 a multiple of 1840?
True
Is 2192 a factor of 970584900?
False
Is 27736621 a multiple of 1265?
False
Does 39 divide 136073613?
True
Is 15 a factor of 2343172075?
False
Does 7 divide 15665336?
False
Is 9655423 a multiple of 6?
False
Is 782686565 a multiple of 6297?
False
Is 270208154 even?
True
Is 19346689 a multiple of 292?
False
Is 286 a factor of 49131654?
True
Is 647 a factor of 158229026?
True
Is 248 a factor of 10778080?
True
Is 633 a factor of 97456612?
False
Does 11 divide 1084294981?
True
Does 7 divide 82648006?
True
Is 34 a factor of 70418692?
True
Is 39749575 a multiple of 503?
True
Is 3632 a factor of 2501222431?
False
Is 46 a factor of 1846496535?
False
Does 10 divide 1606807155?
False
Is 4249695 a multiple of 1095?
True
Is 8 a factor of 48892674?
False
Is 59056657 a multiple of 58?
False
Is 742760293 a multiple of 935?
False
Is 67278220 a multiple of 20?
True
Is 26 a factor of 308329052?
False
Is 63 a factor of 143931564?
True
Does 15 divide 844952280?
True
Is 24 a factor of 2633716706?
False
Is 114 a factor of 25268112?
False
Does 872 divide 288318080?
True
Is 112497448 a multiple of 428?
False
Does 4934 divide 1797263774?
True
Does 2932 divide 3800584476?
True
Is 1517 a factor of 480252456?
False
Is 29 a factor of 112313984?
True
Does 14 divide 31268328?
True
Is 29 a factor of 1715321?
True
Is 68300482 a multiple of 3092?
False
Is 65694180 a multiple of 2780?
True
Is 80092207 even?
False
Does 182 divide 265624450?
True
Does 399 divide 36214836?
True
Does 2407 divide 2297666839?
True
Is 285884131 a multiple of 13?
True
Is 868599156 a multiple of 210?
False
Is 58 a factor of 78056748?
True
Is 515223296 a multiple of 6748?
True
Is 426 a factor of 2287139672?
False
Is 152 a factor of 48587104?
True
Is 4470740 a multiple of 956?
False
Does 6027 divide 5528571532?
False
Is 30292339 a multiple of 1307?
True
Is 929224 a multiple of 164?
True
Does 9 divide 9306163?
False
Is 16 a factor of 70142160?
True
Is 406417536 a multiple of 2121?
True
Is 108039764 a multiple of 4?
True
Is 1075769253 a multiple of 39?
True
Is 1372 a factor of 435800708?
True
Does 45 divide 59185845?
True
Is 9 a factor of 485587872?
True
Is 394 a factor of 417698706?
True
Is 2704334363 a multiple of 10964?
False
Is 1043388839 a multiple of 9145?
False
Is 46233559 a multiple of 367?
True
Does 110 divide 1025577190?
True
Is 23 a factor of 285631972?
False
Is 2212163131 a multiple of 61?
False
Does 13 divide 181309050?
True
Is 128868019 a multiple of 2076?
False
Is 30 a factor of 59254244?
False
Does 12 divide 1596877?
False
Does 74 divide 71237506?
True
Is 42 a factor of 3755566422?
False
Is 13610744 a multiple of 238?
True
Is 23962005 a multiple of 4?
False
Is 18820519 a multiple of 2?
False
Is 5 a factor of 795239470?
True
Is 2265165 a multiple of 85?
True
Does 313 divide 1285019853?
False
Does 917 divide 122512252?
False
Is 717294266 a multiple of 1118?
True
Is 10 a factor of 24533750?
True
Is 8 a factor of 103703378?
False
Does 1104 divide 99794976?
True
Is 1292 a factor of 144670408?
True
Does 1217 divide 41404774?
True
Is 59291023 a multiple of 827?
False
Is 52717080 a multiple of 47?
True
Is 22593914 a multiple of 223?
True
Is 82230784 a multiple of 79?
True
Does 145 divide 137041240?
True
Is 205952566 a multiple of 191?
False
Is 13167020 a multiple of 2?
True
Is 512 a factor of 763475137?
False
Does 751 divide 211499624?
True
Is 202 a factor of 267063594?
True
Is 16 a factor of 120346204?
False
Is 60 a factor of 19019724?
False
Is 1732558337 a multiple of 37?
True
Is 796968000 a multiple of 4500?
True
Is 513869934 a multiple of 6?
True
Does 24 divide 15108696?
True
Is 1115 a factor of 52005830?
True
Is 6342496 a multiple of 8?
True
Is 257 a factor of 350418729?
True
Does 85 divide 806994793?
False
Is 12437023 a multiple of 17?
False
Is 315337482 a multiple of 9?
True
Is 227 a factor of 129343031?
False
Is 443 a factor of 326314686?
True
Does 899 divide 21566248?
False
Does 81 divide 3390579?
True
Is 251236933 a multiple of 1071?
False
Does 220 divide 4623520?
True
Does 7 divide 2402778728?
True
Does 44 divide 672105393?
False
Is 712 a factor of 307584712?
True
Is 263 a factor of 156262152?
False
Is 11 a factor of 44884769?
False
Is 42 a factor of 40879860?
True
Is 21282230 a multiple of 8?
False
Does 439 divide 17331545?
False
Does 2474 divide 82822098?
True
Is 2902 a factor of 3727700468?
False
Is 3120 a factor of 41596705?
False
Is 5594385 a multiple of 395?
True
Does 15 divide 1078455630?
True
Does 54 divide 17828810?
False
Does 681 divide 86912005?
False
Is 31107015 a multiple of 1218?
False
Is 1764 a factor of 15423870?
False
Is 257680461 a multiple of 42?
False
Does 6 divide 136026854?
False
Is 29572868 a multiple of 26?
True
Is 177328494 a multiple of 217?
True
Is 2009 a factor of 1786266663?
False
Is 13647324 a multiple of 1741?
False
Does 42 divide 3636245?
False
Is 1781381 a multiple of 173?
True
Is 3184 a factor of 72192583?
False
Is 627 a factor of 438948728?
False
Does 1456 divide 256566128?
True
Is 407963 a multiple of 82?
False
Is 3089 a factor of 1820850809?
False
Does 2407 divide 72739229?
False
Is 3667136995 a multiple of 1931?
False
Is 151 a factor of 2033424040?
False
Is 72 a factor of 4619134?
False
Is 55734417 a multiple of 496?
False
Is 248 a factor of 13836946?
False
Does 318 divide 50602840?
False
Does 69 divide 15876141?
True
Is 214 a factor of 83277458?
True
Is 88 a factor of 1726334857?
False
Is 80182828 a multiple of 3430?
False
Is 3176 a factor of 158612616?
True
Is 1251171 a multiple of 25?
False
Is 29 a factor of 950572575?
False
Is 226622565 a multiple of 184?
False
Does 601 divide 66311720?
False
Is 5155188335 a multiple of 29?
True
Is 675 a factor of 1342520569?
False
Is 1124924040 a multiple of 1130?
True
Is 1167 a factor of 38038365?
True
Is 289 a factor of 125602579?
True
Is 7088235 a multiple of 55?
True
Is 326 a factor of 108744798?
True
Is 16 a factor of 2243047112?
False
Does 7 divide 43384476?
False
Is 41 a factor of 151642989?
False
Does 8 divide 1327776?
True
Is 219063255 a multiple of 20?
False
Is 262 a factor of 19634280?
True
Is 1740795 a multiple of 1239?
True
Is 200878397 a multiple of 655?
False
Is 866701350 a multiple of 1203?
True
Is 1404 a factor of 1344909743?
False
Does 253 divide 20532209?
False
Is 2507 a factor of 3981537088?
False
Is 350364768 a multiple of 104?
True
Does 67 divide 23800254?
False
Does 1887 divide 4029850782?
True
Does 24 divide 5423372036?
False
Is 24872898 a multiple of 822?
True
Is 1837 a factor of 12261975?
True
Does 48 divide 26456027?
False
Is 8 a factor of 707334296?
True
Does 14 divide 383166244?
False
Is 246 a factor of 457029264?
False
Is 124 a factor of 208689862?
False
Does 7375 divide 35518000?
True
Is 49 a factor of 23341938?
False
Does 261 divide 74682540?
True
Does 10 divide 40731367?
False
Does 93 divide 84992873?
False
Does 11 divide 2924999?
True
Does 27 divide 1049703714?
False
Is 14925831 a multiple of 360?
False
Is 2679 a factor of 1080563934?
True
Does 571 divide 100873657?
False
Does 448 divide 3291008?
True
Is 633096154 a multiple of 17?
False
Is 353 a factor of 535736098?
True
Is 44423432 a multiple of 2447?
False
Is 32 a factor of 1390680?
False
Is 376092686 a multiple of 228?
False
Do